{"id":1814,"date":"2024-06-15T14:10:03","date_gmt":"2024-06-15T14:10:03","guid":{"rendered":"https:\/\/sinsinvalid.org\/la-justicia-de-lenguaje-es-justicia-de-discapacidad\/"},"modified":"2025-03-15T11:49:11","modified_gmt":"2025-03-15T11:49:11","slug":"la-justicia-de-lenguaje-es-justicia-de-discapacidad","status":"publish","type":"page","link":"https:\/\/sinsinvalid.org\/es\/la-justicia-de-lenguaje-es-justicia-de-discapacidad\/","title":{"rendered":"La justicia de lenguaje es justicia de discapacidad"},"content":{"rendered":"<p>[et_pb_section fb_built=\u00bb1&#8243; _builder_version=\u00bb4.25.1&#8243; _module_preset=\u00bbdefault\u00bb custom_padding=\u00bb0px||0px||false|false\u00bb locked=\u00bboff\u00bb global_colors_info=\u00bb{}\u00bb][et_pb_row column_structure=\u00bb2_5,3_5&#8243; custom_padding_last_edited=\u00bbon|phone\u00bb _builder_version=\u00bb4.25.1&#8243; _module_preset=\u00bbdefault\u00bb custom_padding_tablet=\u00bb\u00bb custom_padding_phone=\u00bb||14px||false|false\u00bb global_colors_info=\u00bb{}\u00bb][et_pb_column type=\u00bb2_5&#8243; _builder_version=\u00bb4.25.1&#8243; _module_preset=\u00bbdefault\u00bb global_colors_info=\u00bb{}\u00bb][et_pb_video src=\u00bbhttps:\/\/youtu.be\/JTDLjQo6R5o?si=WdiqrBh59IQgmZD3&#8243; _builder_version=\u00bb4.25.1&#8243; _module_preset=\u00bbdefault\u00bb global_colors_info=\u00bb{}\u00bb][\/et_pb_video][\/et_pb_column][et_pb_column type=\u00bb3_5&#8243; _builder_version=\u00bb4.25.1&#8243; _module_preset=\u00bbdefault\u00bb global_colors_info=\u00bb{}\u00bb][et_pb_heading title=\u00bb@ET-DC@eyJkeW5hbWljIjp0cnVlLCJjb250ZW50IjoicG9zdF90aXRsZSIsInNldHRpbmdzIjp7ImJlZm9yZSI6IiIsImFmdGVyIjoiIn19@\u00bb _builder_version=\u00bb4.27.4&#8243; _module_preset=\u00bbdefault\u00bb _dynamic_attributes=\u00bbtitle\u00bb hover_enabled=\u00bb0&#8243; sticky_enabled=\u00bb0&#8243; title_text_color=\u00bb#FAFAFA\u00bb title_font_size=\u00bb45px\u00bb title_line_height=\u00bb1.1em\u00bb title_font_size_last_edited=\u00bbon|desktop\u00bb title_font_size_tablet=\u00bb40px\u00bb title_font_size_phone=\u00bb30px\u00bb locked=\u00bboff\u00bb][\/et_pb_heading][et_pb_text _builder_version=\u00bb4.26.0&#8243; _module_preset=\u00bbdefault\u00bb text_text_color=\u00bb#FAFAFA\u00bb text_font_size=\u00bb18px\u00bb custom_margin=\u00bb0px||||false|false\u00bb custom_padding=\u00bb0px||||false|false\u00bb locked=\u00bboff\u00bb global_colors_info=\u00bb{}\u00bb]La justicia de lenguaje significa que todes somos escuchades y entendides sin jerarqu\u00eda, estigma o verg\u00fcenza. Honra nuestro derecho a comunicar nuestras emociones e ideas y exige que actuemos con respeto mutuo por todas las personas, independientemente de la forma en que hagan se\u00f1as, hablen o comuniquen lo que est\u00e1n pensando o sintiendo.<\/p>\n<p>Sins Invalid se compromete a avanzar hacia la justicia de lenguaje al proporcionar acceso a nuestros programas y recursos en el lenguaje de se\u00f1as norteamericano, ingl\u00e9s y espa\u00f1ol de la manera m\u00e1s comprensiva posible.<\/p>\n<p>Sins Invalid sabe que:<\/p>\n<ul>\n<li>Las personas se comunican en una multitud de maneras: a trav\u00e9s del lenguaje hablado y del movimiento, a trav\u00e9s de se\u00f1as y respiraci\u00f3n, a trav\u00e9s del uso de la tecnolog\u00eda y del contacto f\u00edsico, a trav\u00e9s de la escritura y el silencio, a trav\u00e9s de la lectura y de nuestros ojos. Las formas de comunicarnos son tan diversas como las personas. Todos los tipos de comunicaci\u00f3n son v\u00e1lidos e importantes. Lo que elegimos expresar es \u00fanico para nosotres como individues. Nuestras comunicaciones y nuestras expresiones son valiosas.\n<\/li>\n<li>El lenguaje es extenso y abundante. Algunos idiomas hablados usan silbidos y clics. Algunos lenguajes de movimiento incluyen sonidos. Algunos lenguajes son escritos mientras que otros no. Algunas lenguas son usadas solamente por dos personas, algunas por 300, otras por millones. No hay lenguajes que sean correctos o incorrectos. Todos son modos de expresi\u00f3n valiosos.\n<\/li>\n<li>Nuestras lenguas llevan nuestras culturas. Nos conectan les unes con les otres, con nuestres ancestres, y con la forma en que entendemos la vida a trav\u00e9s de la pr\u00e1ctica de nombrar. <\/li>\n<li>Hay lenguajes creados y usados espec\u00edficamente por personas con discapacidades y personas sordas, ya que nuestros cuerpomentes informan nuestro modo de expresi\u00f3n. Usamos comunicaci\u00f3n aumentativa y alternativa (AAC por sus siglas en ingl\u00e9s), lenguaje de se\u00f1as norteamericano (ASL por sus siglas en ingl\u00e9s), lengua de se\u00f1as mexicana (LSM), lenguaje de se\u00f1as afroamericano (BASL por sus siglas en ingl\u00e9s) y comunicaci\u00f3n ProT\u00e1ctil. Nos comunicamos con y a trav\u00e9s de nuestras traqueostom\u00edas y nuestra respiraci\u00f3n staccato, a trav\u00e9s de nuestra niebla cerebral y afasia, a trav\u00e9s de dolor y los medicamentos para el dolor, a trav\u00e9s de mascarillas y amplificadores de voz, a trav\u00e9s de texto y videos, a trav\u00e9s de gru\u00f1idos y gemidos y al sondear nuestros mundos, a trav\u00e9s de parpadeos y soples en popotes y a trav\u00e9s de m\u00e1s formas que las que podemos nombrar.\n<\/li>\n<li>El lenguaje puede dar poder. El lenguaje puede arrebatar poder. El lenguaje puede ser utilizado para normalizar la opresi\u00f3n. El lenguaje tambi\u00e9n puede ser utilizado para interrumpir, desmantelar y transformar la opresi\u00f3n.\n<\/li>\n<li>La justicia de lenguaje se trata del acceso: a la comunicaci\u00f3n, al desarrollo de relaciones y a nuestras comunidades. <\/li>\n<li>La justicia de lenguaje no se trata del acceso \u00fanicamente, buscamos nivelar las jerarqu\u00edas al crear espacios donde cada persona es respetada y donde el poder es compartido entre les hablantes de todos los idiomas.<\/li>\n<li>La justicia de lenguaje est\u00e1 arraigada en el acceso multiling\u00fce y en la descentralizaci\u00f3n de la  supremac\u00eda del ingl\u00e9s hablado.<\/li>\n<\/ul>\n<p>Al igual que con los otros compromisos pol\u00edticos que tenemos, iniciamos nuestra pr\u00e1ctica de la justicia de lenguaje con humlidad; sabemos que otres nos han creado el camino y que estamos en un lugar de aprendizaje. Nos emociona aprender e invitamos a otres practicantes a que compartan lo que han aprendido sobre la justicia de lenguaje con nosotres y con les dem\u00e1s.<\/p>\n<p>Sins Invalid cree en el poder y la brillantez de las comunidades migrantes y las comunidades sordas, y reconocemos que nuestra inclusi\u00f3n es clave para alcanzar la  justicia para todos los pueblos oprimidos.<\/p>\n<p>Sins Invalid entiende que la justicia de lenguaje es justicia de discapacidad.[\/et_pb_text][\/et_pb_column][\/et_pb_row][\/et_pb_section][et_pb_section fb_built=\u00bb1&#8243; _builder_version=\u00bb4.25.1&#8243; _module_preset=\u00bbdefault\u00bb custom_margin=\u00bb0px||||false|false\u00bb custom_padding=\u00bb0px||||false|false\u00bb global_colors_info=\u00bb{}\u00bb][et_pb_row column_structure=\u00bb1_2,1_2&#8243; use_custom_gutter=\u00bbon\u00bb gutter_width=\u00bb2&#8243; _builder_version=\u00bb4.25.1&#8243; _module_preset=\u00bbdefault\u00bb custom_padding=\u00bb||0px||false|false\u00bb global_colors_info=\u00bb{}\u00bb][et_pb_column type=\u00bb1_2&#8243; _builder_version=\u00bb4.25.1&#8243; _module_preset=\u00bbdefault\u00bb global_colors_info=\u00bb{}\u00bb][et_pb_code _builder_version=\u00bb4.25.1&#8243; _module_preset=\u00bbdefault\u00bb global_colors_info=\u00bb{}\u00bb]<iframe loading=\"lazy\" width=\"100%\" height=\"500\" scrolling=\"no\" frameborder=\"no\" src=\"https:\/\/w.soundcloud.com\/player\/?visual=true&#038;url=https%3A%2F%2Fapi.soundcloud.com%2Ftracks%2F1069442524&#038;show_artwork=true&#038;callback=YUI.Env.JSONP.yui_3_17_2_1_1623804790296_56010&#038;wmode=opaque\"><\/iframe>[\/et_pb_code][\/et_pb_column][et_pb_column type=\u00bb1_2&#8243; _builder_version=\u00bb4.25.1&#8243; _module_preset=\u00bbdefault\u00bb global_colors_info=\u00bb{}\u00bb][et_pb_code _builder_version=\u00bb4.25.1&#8243; _module_preset=\u00bbdefault\u00bb global_colors_info=\u00bb{}\u00bb]<iframe loading=\"lazy\" width=\"100%\" height=\"500\" scrolling=\"no\" frameborder=\"no\" src=\"https:\/\/w.soundcloud.com\/player\/?visual=true&#038;url=https%3A%2F%2Fapi.soundcloud.com%2Ftracks%2F1069440430&#038;show_artwork=true&#038;callback=YUI.Env.JSONP.yui_3_17_2_1_1623804790296_59643&#038;wmode=opaque\"><\/iframe>[\/et_pb_code][\/et_pb_column][\/et_pb_row][\/et_pb_section]<\/p>\n","protected":false},"excerpt":{"rendered":"<p>La justicia de lenguaje significa que todes somos escuchades y entendides sin jerarqu\u00eda, estigma o verg\u00fcenza. Honra nuestro derecho a comunicar nuestras emociones e ideas y exige que actuemos con respeto mutuo por todas las personas, independientemente de la forma en que hagan se\u00f1as, hablen o comuniquen lo que est\u00e1n pensando o sintiendo. Sins Invalid [&hellip;]<\/p>\n","protected":false},"author":4,"featured_media":0,"parent":0,"menu_order":0,"comment_status":"closed","ping_status":"closed","template":"","meta":{"_et_pb_use_builder":"on","_et_pb_old_content":"","_et_gb_content_width":"","ngg_post_thumbnail":0,"footnotes":""},"class_list":["post-1814","page","type-page","status-publish","hentry"],"_links":{"self":[{"href":"https:\/\/sinsinvalid.org\/es\/wp-json\/wp\/v2\/pages\/1814","targetHints":{"allow":["GET"]}}],"collection":[{"href":"https:\/\/sinsinvalid.org\/es\/wp-json\/wp\/v2\/pages"}],"about":[{"href":"https:\/\/sinsinvalid.org\/es\/wp-json\/wp\/v2\/types\/page"}],"author":[{"embeddable":true,"href":"https:\/\/sinsinvalid.org\/es\/wp-json\/wp\/v2\/users\/4"}],"replies":[{"embeddable":true,"href":"https:\/\/sinsinvalid.org\/es\/wp-json\/wp\/v2\/comments?post=1814"}],"version-history":[{"count":6,"href":"https:\/\/sinsinvalid.org\/es\/wp-json\/wp\/v2\/pages\/1814\/revisions"}],"predecessor-version":[{"id":4032,"href":"https:\/\/sinsinvalid.org\/es\/wp-json\/wp\/v2\/pages\/1814\/revisions\/4032"}],"wp:attachment":[{"href":"https:\/\/sinsinvalid.org\/es\/wp-json\/wp\/v2\/media?parent=1814"}],"curies":[{"name":"wp","href":"https:\/\/api.w.org\/{rel}","templated":true}]}}

<p>[et_pb_section fb_built=»1&#8243; _builder_version=»4.25.1&#8243; _module_preset=»default» custom_padding=»0px||0px||false|false» locked=»off» global_colors_info=»{}»][et_pb_row column_structure=»2_5,3_5&#8243; custom_padding_last_edited=»on|phone» _builder_version=»4.25.1&#8243; _module_preset=»default» custom_padding_tablet=»» custom_padding_phone=»||14px||false|false» global_colors_info=»{}»][et_pb_column type=»2_5&#8243; _builder_version=»4.25.1&#8243; _module_preset=»default» global_colors_info=»{}»][et_pb_video src=»https://youtu.be/JTDLjQo6R5o?si=WdiqrBh59IQgmZD3&#8243; _builder_version=»4.25.1&#8243; _module_preset=»default» global_colors_info=»{}»][/et_pb_video][/et_pb_column][et_pb_column type=»3_5&#8243; _builder_version=»4.25.1&#8243; _module_preset=»default» global_colors_info=»{}»][et_pb_heading title=»@ET-DC@eyJkeW5hbWljIjp0cnVlLCJjb250ZW50IjoicG9zdF90aXRsZSIsInNldHRpbmdzIjp7ImJlZm9yZSI6IiIsImFmdGVyIjoiIn19@» _builder_version=»4.27.4&#8243; _module_preset=»default» _dynamic_attributes=»title» hover_enabled=»0&#8243; sticky_enabled=»0&#8243; title_text_color=»#FAFAFA» title_font_size=»45px» title_line_height=»1.1em» title_font_size_last_edited=»on|desktop» title_font_size_tablet=»40px» title_font_size_phone=»30px» locked=»off»][/et_pb_heading][et_pb_text _builder_version=»4.26.0&#8243; _module_preset=»default» text_text_color=»#FAFAFA» text_font_size=»18px» custom_margin=»0px||||false|false» custom_padding=»0px||||false|false» locked=»off» global_colors_info=»{}»]La justicia de lenguaje significa que todes somos escuchades y entendides sin jerarquía, estigma o vergüenza. Honra nuestro derecho a comunicar nuestras emociones e ideas y exige que actuemos con respeto mutuo por todas las personas, independientemente de la forma en que hagan señas, hablen o comuniquen lo que están pensando o sintiendo.</p>
<p>Sins Invalid se compromete a avanzar hacia la justicia de lenguaje al proporcionar acceso a nuestros programas y recursos en el lenguaje de señas norteamericano, inglés y español de la manera más comprensiva posible.</p>
<p>Sins Invalid sabe que:</p>
<ul>
<li>Las personas se comunican en una multitud de maneras: a través del lenguaje hablado y del movimiento, a través de señas y respiración, a través del uso de la tecnología y del contacto físico, a través de la escritura y el silencio, a través de la lectura y de nuestros ojos. Las formas de comunicarnos son tan diversas como las personas. Todos los tipos de comunicación son válidos e importantes. Lo que elegimos expresar es único para nosotres como individues. Nuestras comunicaciones y nuestras expresiones son valiosas.
</li>
<li>El lenguaje es extenso y abundante. Algunos idiomas hablados usan silbidos y clics. Algunos lenguajes de movimiento incluyen sonidos. Algunos lenguajes son escritos mientras que otros no. Algunas lenguas son usadas solamente por dos personas, algunas por 300, otras por millones. No hay lenguajes que sean correctos o incorrectos. Todos son modos de expresión valiosos.
</li>
<li>Nuestras lenguas llevan nuestras culturas. Nos conectan les unes con les otres, con nuestres ancestres, y con la forma en que entendemos la vida a través de la práctica de nombrar. </li>
<li>Hay lenguajes creados y usados específicamente por personas con discapacidades y personas sordas, ya que nuestros cuerpomentes informan nuestro modo de expresión. Usamos comunicación aumentativa y alternativa (AAC por sus siglas en inglés), lenguaje de señas norteamericano (ASL por sus siglas en inglés), lengua de señas mexicana (LSM), lenguaje de señas afroamericano (BASL por sus siglas en inglés) y comunicación ProTáctil. Nos comunicamos con y a través de nuestras traqueostomías y nuestra respiración staccato, a través de nuestra niebla cerebral y afasia, a través de dolor y los medicamentos para el dolor, a través de mascarillas y amplificadores de voz, a través de texto y videos, a través de gruñidos y gemidos y al sondear nuestros mundos, a través de parpadeos y soples en popotes y a través de más formas que las que podemos nombrar.
</li>
<li>El lenguaje puede dar poder. El lenguaje puede arrebatar poder. El lenguaje puede ser utilizado para normalizar la opresión. El lenguaje también puede ser utilizado para interrumpir, desmantelar y transformar la opresión.
</li>
<li>La justicia de lenguaje se trata del acceso: a la comunicación, al desarrollo de relaciones y a nuestras comunidades. </li>
<li>La justicia de lenguaje no se trata del acceso únicamente, buscamos nivelar las jerarquías al crear espacios donde cada persona es respetada y donde el poder es compartido entre les hablantes de todos los idiomas.</li>
<li>La justicia de lenguaje está arraigada en el acceso multilingüe y en la descentralización de la  supremacía del inglés hablado.</li>
</ul>
<p>Al igual que con los otros compromisos políticos que tenemos, iniciamos nuestra práctica de la justicia de lenguaje con humlidad; sabemos que otres nos han creado el camino y que estamos en un lugar de aprendizaje. Nos emociona aprender e invitamos a otres practicantes a que compartan lo que han aprendido sobre la justicia de lenguaje con nosotres y con les demás.</p>
<p>Sins Invalid cree en el poder y la brillantez de las comunidades migrantes y las comunidades sordas, y reconocemos que nuestra inclusión es clave para alcanzar la  justicia para todos los pueblos oprimidos.</p>
<p>Sins Invalid entiende que la justicia de lenguaje es justicia de discapacidad.[/et_pb_text][/et_pb_column][/et_pb_row][/et_pb_section][et_pb_section fb_built=»1&#8243; _builder_version=»4.25.1&#8243; _module_preset=»default» custom_margin=»0px||||false|false» custom_padding=»0px||||false|false» global_colors_info=»{}»][et_pb_row column_structure=»1_2,1_2&#8243; use_custom_gutter=»on» gutter_width=»2&#8243; _builder_version=»4.25.1&#8243; _module_preset=»default» custom_padding=»||0px||false|false» global_colors_info=»{}»][et_pb_column type=»1_2&#8243; _builder_version=»4.25.1&#8243; _module_preset=»default» global_colors_info=»{}»][et_pb_code _builder_version=»4.25.1&#8243; _module_preset=»default» global_colors_info=»{}»]<iframe loading="lazy" width="100%" height="500" scrolling="no" frameborder="no" src="https://w.soundcloud.com/player/?visual=true&#038;url=https%3A%2F%2Fapi.soundcloud.com%2Ftracks%2F1069442524&#038;show_artwork=true&#038;callback=YUI.Env.JSONP.yui_3_17_2_1_1623804790296_56010&#038;wmode=opaque"></iframe>[/et_pb_code][/et_pb_column][et_pb_column type=»1_2&#8243; _builder_version=»4.25.1&#8243; _module_preset=»default» global_colors_info=»{}»][et_pb_code _builder_version=»4.25.1&#8243; _module_preset=»default» global_colors_info=»{}»]<iframe loading="lazy" width="100%" height="500" scrolling="no" frameborder="no" src="https://w.soundcloud.com/player/?visual=true&#038;url=https%3A%2F%2Fapi.soundcloud.com%2Ftracks%2F1069440430&#038;show_artwork=true&#038;callback=YUI.Env.JSONP.yui_3_17_2_1_1623804790296_59643&#038;wmode=opaque"></iframe>[/et_pb_code][/et_pb_column][/et_pb_row][/et_pb_section]</p>

<p>La justicia de lenguaje significa que todes somos escuchades y entendides sin jerarquía, estigma o vergüenza. Honra nuestro derecho a comunicar nuestras emociones e ideas y exige que actuemos con respeto mutuo por todas las personas, independientemente de la forma en que hagan señas, hablen o comuniquen lo que están pensando o sintiendo. Sins Invalid [&hellip;]</p>
