{"id":1403,"date":"2024-06-15T13:05:15","date_gmt":"2024-06-15T13:05:15","guid":{"rendered":"https:\/\/sinsinvalid.org\/la-justicia-reproductiva-es-justicia-de-discapacidad\/"},"modified":"2025-03-15T11:52:12","modified_gmt":"2025-03-15T11:52:12","slug":"la-justicia-reproductiva-es-justicia-de-discapacidad","status":"publish","type":"page","link":"https:\/\/sinsinvalid.org\/es\/la-justicia-reproductiva-es-justicia-de-discapacidad\/","title":{"rendered":"La justicia reproductiva es justicia de discapacidad"},"content":{"rendered":"<p>[et_pb_section fb_built=\u00bb1&#8243; _builder_version=\u00bb4.25.1&#8243; _module_preset=\u00bbdefault\u00bb custom_padding=\u00bb0px||||false|false\u00bb locked=\u00bboff\u00bb global_colors_info=\u00bb{}\u00bb][et_pb_row column_structure=\u00bb2_5,3_5&#8243; custom_padding_last_edited=\u00bboff|desktop\u00bb _builder_version=\u00bb4.25.1&#8243; _module_preset=\u00bbdefault\u00bb custom_padding=\u00bb||0px||false|false\u00bb custom_padding_phone=\u00bb||14px||false|false\u00bb global_colors_info=\u00bb{}\u00bb][et_pb_column type=\u00bb2_5&#8243; _builder_version=\u00bb4.25.1&#8243; _module_preset=\u00bbdefault\u00bb global_colors_info=\u00bb{}\u00bb][et_pb_video src=\u00bbhttps:\/\/youtu.be\/gxezHaP2CU0?si=kmRjJnflioN7WO0p\u00bb _builder_version=\u00bb4.25.1&#8243; _module_preset=\u00bbdefault\u00bb global_colors_info=\u00bb{}\u00bb][\/et_pb_video][\/et_pb_column][et_pb_column type=\u00bb3_5&#8243; _builder_version=\u00bb4.25.1&#8243; _module_preset=\u00bbdefault\u00bb global_colors_info=\u00bb{}\u00bb][et_pb_heading title=\u00bb@ET-DC@eyJkeW5hbWljIjp0cnVlLCJjb250ZW50IjoicG9zdF90aXRsZSIsInNldHRpbmdzIjp7ImJlZm9yZSI6IiIsImFmdGVyIjoiIn19@\u00bb _builder_version=\u00bb4.27.4&#8243; _module_preset=\u00bbdefault\u00bb _dynamic_attributes=\u00bbtitle\u00bb hover_enabled=\u00bb0&#8243; sticky_enabled=\u00bb0&#8243; title_text_color=\u00bb#FAFAFA\u00bb title_font_size=\u00bb45px\u00bb title_line_height=\u00bb1.1em\u00bb title_font_size_last_edited=\u00bbon|desktop\u00bb title_font_size_tablet=\u00bb40px\u00bb title_font_size_phone=\u00bb30px\u00bb locked=\u00bboff\u00bb][\/et_pb_heading][et_pb_text _builder_version=\u00bb4.25.1&#8243; _module_preset=\u00bbdefault\u00bb text_text_color=\u00bb#E0204D\u00bb text_font_size=\u00bb20px\u00bb width=\u00bb100%\u00bb custom_margin=\u00bb0px||20px||false|false\u00bb custom_padding=\u00bb0px||||false|false\u00bb locked=\u00bboff\u00bb global_colors_info=\u00bb{}\u00bb]JUNE 29, 2022[\/et_pb_text][et_pb_text _builder_version=\u00bb4.26.0&#8243; _module_preset=\u00bbdefault\u00bb text_text_color=\u00bb#FAFAFA\u00bb text_font_size=\u00bb18px\u00bb custom_margin=\u00bb0px||||false|false\u00bb custom_padding=\u00bb0px||||false|false\u00bb locked=\u00bboff\u00bb global_colors_info=\u00bb{}\u00bb]<\/p>\n<p>En mayo de 2022, el pueblo de los Estados Unidos se enter\u00f3 de que la Corte Suprema planeaba anular Roe v. Wade, un fallo de 1973 que hace que el acceso al aborto sea seguro y legal.<\/p>\n<p>Durante a\u00f1os hemos visto c\u00f3mo estado tras estado aprueba leyes cada vez m\u00e1s restrictivas sobre el aborto. Sins Invalid sabe que si se anula Roe v. Wade, las personas discapacitadas racializadas y las personas discapacitadas queer y trans estaremos entre las poblaciones m\u00e1s perjudicadas por la falta de acceso al aborto y atenci\u00f3n m\u00e9dica reproductiva.<\/p>\n<p>El impacto aislador del capacitismo significa que las personas discapacitadas ya tenemos menos probabilidades de encontrar opciones seguras para interrumpir embarazos. Este contexto, junto con la lucha de las personas discapacitadas para obtener educaci\u00f3n sexual y atenci\u00f3n m\u00e9dica integral, significa que la revocaci\u00f3n de Roe v. Wade, como las prohibiciones del aborto que la precedieron, ser\u00e1 catastr\u00f3fica para las personas discapacitadas.<\/p>\n<p>Por un lado, el miedo a la discapacidad se ha utilizado como una herramienta para manipular las elecciones reproductivas de las personas, a veces con el resultado que las personas opten por abortos selectivos para evitar la discapacidad, lo que de hecho es eugenesia. Simult\u00e1neamente, las personas discapacitadas nos hemos visto obligadas a interrumpir embarazos bajo el pretexto de que no podemos ser buenes adres porque somos discapacitades.<\/p>\n<p>El control violento y la opresi\u00f3n a los cuerpos de las personas por parte de los Estados Unidos no comenzaron cuando la Corte Suprema empez\u00f3 a socavar a Roe v. Wade. Los ataques a la autonom\u00eda corporal iniciaron mucho antes que este momento a trav\u00e9s de la conquista y colonizaci\u00f3n de las tierras y pr\u00e1cticas ind\u00edgenas, a trav\u00e9s de la deshumanizaci\u00f3n y cosificaci\u00f3n de la esclavitud y la tortura de la gente negra.<\/p>\n<p>Hemos visto esto a trav\u00e9s de la imposici\u00f3n a los pueblos ind\u00edgenas de internados\/escuelas de resocializaci\u00f3n. Hemos sido testigues de programas de eugenesia patrocinados por el gobierno en 32 estados y en Puerto Rico. La esterilizaci\u00f3n forzada de personas encarceladas, discapacitadas e inmigrantes son violaciones directas a los derechos humanos.<\/p>\n<p>Hemos visto violencia estatal y opresi\u00f3n en el socavamiento constante de las empresas de personas negras y la epidemia de violencia contra las mujeres trans negras y las mujeres trans racializadas. Los intentos hist\u00f3ricos de controlar los cuerpos que el gobierno considera \u201cdesviados\u201d muestran que la autonom\u00eda corporal y la justicia reproductiva son cuestiones de derechos humanos.<\/p>\n<p>Los intentos de prohibir el aborto conducen inevitablemente a conversaciones no consensuadas sobre los cuerpos de las mujeres, las personas intersexuales, trans y no binarias. En estas discusiones, debemos recordar c\u00f3mo la justicia de discapacidad valora un an\u00e1lisis interseccional que nos obliga a considerar las complejidades de la justicia reproductiva en el contexto del capacitismo.<\/p>\n<p>Los abortos ocurrir\u00e1n sin importar si son legales o no, pero estas leyes son un acto de violencia. Elegir si convertirse en adre y cu\u00e1ndo hacerlo, es un principio b\u00e1sico de la justicia reproductiva.<\/p>\n<p>Las personas pobres y de clase trabajadora no podr\u00e1n negociar las barreras que impone la legislaci\u00f3n y, en cambio, se ver\u00e1n obligadas a realizar pr\u00e1cticas inseguras para interrumpir sus embarazos. Las personas embarazadas ya han sido criminalizadas y encarceladas por abortos espont\u00e1neos o por haber sido percibidas como interruptoras de sus embarazos, y estas leyes solo encarcelar\u00e1n a poblaciones m\u00e1s vulnerables.<\/p>\n<p>Estas leyes y fallos perjudican a las comunidades racializadas, ya que las personas negras y de otras razas marginadas siempre se ven afectadas de manera desproporcionada por la criminalizaci\u00f3n. Este ataque a Roe v. Wade existe para llenar las c\u00e1rceles y prisiones de Estados Unidos con mano de obra no remunerada, separar a las familias a trav\u00e9s del encarcelamiento y alimentar la injusta maquinaria del sistema estatal de crianza temporal.<\/p>\n<p>Les jueces pueden tratar de controlar nuestros cuerpos, pero las mujeres, las personas no binarias, las personas trans y las personas con discapacidad no somos objetos para ser contenidos o manipulados. Somos seres humanos que merecemos cuidado y opciones, y no permitiremos que se nos niegue nuestra autonom\u00eda.<\/p>\n<p>Sins Invalid apoya plenamente a cada individuo para que tome las decisiones reproductivas que mejor se adapten a su contexto y necesidades. El acceso a la informaci\u00f3n, la atenci\u00f3n m\u00e9dica de calidad y la autonom\u00eda en la toma de decisiones son esenciales para el bienestar de todes. Todes merecen autonom\u00eda y el derecho a hacer la mejor elecci\u00f3n para s\u00ed misme y sus futuros. La justicia reproductiva es justicia de discapacidad.<\/p>\n<p>[\/et_pb_text][\/et_pb_column][\/et_pb_row][\/et_pb_section]<\/p>\n","protected":false},"excerpt":{"rendered":"<p>JUNE 29, 2022En mayo de 2022, el pueblo de los Estados Unidos se enter\u00f3 de que la Corte Suprema planeaba anular Roe v. Wade, un fallo de 1973 que hace que el acceso al aborto sea seguro y legal. Durante a\u00f1os hemos visto c\u00f3mo estado tras estado aprueba leyes cada vez m\u00e1s restrictivas sobre el [&hellip;]<\/p>\n","protected":false},"author":4,"featured_media":0,"parent":0,"menu_order":0,"comment_status":"closed","ping_status":"closed","template":"","meta":{"_et_pb_use_builder":"on","_et_pb_old_content":"","_et_gb_content_width":"","ngg_post_thumbnail":0,"footnotes":""},"class_list":["post-1403","page","type-page","status-publish","hentry"],"_links":{"self":[{"href":"https:\/\/sinsinvalid.org\/es\/wp-json\/wp\/v2\/pages\/1403","targetHints":{"allow":["GET"]}}],"collection":[{"href":"https:\/\/sinsinvalid.org\/es\/wp-json\/wp\/v2\/pages"}],"about":[{"href":"https:\/\/sinsinvalid.org\/es\/wp-json\/wp\/v2\/types\/page"}],"author":[{"embeddable":true,"href":"https:\/\/sinsinvalid.org\/es\/wp-json\/wp\/v2\/users\/4"}],"replies":[{"embeddable":true,"href":"https:\/\/sinsinvalid.org\/es\/wp-json\/wp\/v2\/comments?post=1403"}],"version-history":[{"count":5,"href":"https:\/\/sinsinvalid.org\/es\/wp-json\/wp\/v2\/pages\/1403\/revisions"}],"predecessor-version":[{"id":4036,"href":"https:\/\/sinsinvalid.org\/es\/wp-json\/wp\/v2\/pages\/1403\/revisions\/4036"}],"wp:attachment":[{"href":"https:\/\/sinsinvalid.org\/es\/wp-json\/wp\/v2\/media?parent=1403"}],"curies":[{"name":"wp","href":"https:\/\/api.w.org\/{rel}","templated":true}]}}

<p>[et_pb_section fb_built=»1&#8243; _builder_version=»4.25.1&#8243; _module_preset=»default» custom_padding=»0px||||false|false» locked=»off» global_colors_info=»{}»][et_pb_row column_structure=»2_5,3_5&#8243; custom_padding_last_edited=»off|desktop» _builder_version=»4.25.1&#8243; _module_preset=»default» custom_padding=»||0px||false|false» custom_padding_phone=»||14px||false|false» global_colors_info=»{}»][et_pb_column type=»2_5&#8243; _builder_version=»4.25.1&#8243; _module_preset=»default» global_colors_info=»{}»][et_pb_video src=»https://youtu.be/gxezHaP2CU0?si=kmRjJnflioN7WO0p» _builder_version=»4.25.1&#8243; _module_preset=»default» global_colors_info=»{}»][/et_pb_video][/et_pb_column][et_pb_column type=»3_5&#8243; _builder_version=»4.25.1&#8243; _module_preset=»default» global_colors_info=»{}»][et_pb_heading title=»@ET-DC@eyJkeW5hbWljIjp0cnVlLCJjb250ZW50IjoicG9zdF90aXRsZSIsInNldHRpbmdzIjp7ImJlZm9yZSI6IiIsImFmdGVyIjoiIn19@» _builder_version=»4.27.4&#8243; _module_preset=»default» _dynamic_attributes=»title» hover_enabled=»0&#8243; sticky_enabled=»0&#8243; title_text_color=»#FAFAFA» title_font_size=»45px» title_line_height=»1.1em» title_font_size_last_edited=»on|desktop» title_font_size_tablet=»40px» title_font_size_phone=»30px» locked=»off»][/et_pb_heading][et_pb_text _builder_version=»4.25.1&#8243; _module_preset=»default» text_text_color=»#E0204D» text_font_size=»20px» width=»100%» custom_margin=»0px||20px||false|false» custom_padding=»0px||||false|false» locked=»off» global_colors_info=»{}»]JUNE 29, 2022[/et_pb_text][et_pb_text _builder_version=»4.26.0&#8243; _module_preset=»default» text_text_color=»#FAFAFA» text_font_size=»18px» custom_margin=»0px||||false|false» custom_padding=»0px||||false|false» locked=»off» global_colors_info=»{}»]</p>
<p>En mayo de 2022, el pueblo de los Estados Unidos se enteró de que la Corte Suprema planeaba anular Roe v. Wade, un fallo de 1973 que hace que el acceso al aborto sea seguro y legal.</p>
<p>Durante años hemos visto cómo estado tras estado aprueba leyes cada vez más restrictivas sobre el aborto. Sins Invalid sabe que si se anula Roe v. Wade, las personas discapacitadas racializadas y las personas discapacitadas queer y trans estaremos entre las poblaciones más perjudicadas por la falta de acceso al aborto y atención médica reproductiva.</p>
<p>El impacto aislador del capacitismo significa que las personas discapacitadas ya tenemos menos probabilidades de encontrar opciones seguras para interrumpir embarazos. Este contexto, junto con la lucha de las personas discapacitadas para obtener educación sexual y atención médica integral, significa que la revocación de Roe v. Wade, como las prohibiciones del aborto que la precedieron, será catastrófica para las personas discapacitadas.</p>
<p>Por un lado, el miedo a la discapacidad se ha utilizado como una herramienta para manipular las elecciones reproductivas de las personas, a veces con el resultado que las personas opten por abortos selectivos para evitar la discapacidad, lo que de hecho es eugenesia. Simultáneamente, las personas discapacitadas nos hemos visto obligadas a interrumpir embarazos bajo el pretexto de que no podemos ser buenes adres porque somos discapacitades.</p>
<p>El control violento y la opresión a los cuerpos de las personas por parte de los Estados Unidos no comenzaron cuando la Corte Suprema empezó a socavar a Roe v. Wade. Los ataques a la autonomía corporal iniciaron mucho antes que este momento a través de la conquista y colonización de las tierras y prácticas indígenas, a través de la deshumanización y cosificación de la esclavitud y la tortura de la gente negra.</p>
<p>Hemos visto esto a través de la imposición a los pueblos indígenas de internados/escuelas de resocialización. Hemos sido testigues de programas de eugenesia patrocinados por el gobierno en 32 estados y en Puerto Rico. La esterilización forzada de personas encarceladas, discapacitadas e inmigrantes son violaciones directas a los derechos humanos.</p>
<p>Hemos visto violencia estatal y opresión en el socavamiento constante de las empresas de personas negras y la epidemia de violencia contra las mujeres trans negras y las mujeres trans racializadas. Los intentos históricos de controlar los cuerpos que el gobierno considera “desviados” muestran que la autonomía corporal y la justicia reproductiva son cuestiones de derechos humanos.</p>
<p>Los intentos de prohibir el aborto conducen inevitablemente a conversaciones no consensuadas sobre los cuerpos de las mujeres, las personas intersexuales, trans y no binarias. En estas discusiones, debemos recordar cómo la justicia de discapacidad valora un análisis interseccional que nos obliga a considerar las complejidades de la justicia reproductiva en el contexto del capacitismo.</p>
<p>Los abortos ocurrirán sin importar si son legales o no, pero estas leyes son un acto de violencia. Elegir si convertirse en adre y cuándo hacerlo, es un principio básico de la justicia reproductiva.</p>
<p>Las personas pobres y de clase trabajadora no podrán negociar las barreras que impone la legislación y, en cambio, se verán obligadas a realizar prácticas inseguras para interrumpir sus embarazos. Las personas embarazadas ya han sido criminalizadas y encarceladas por abortos espontáneos o por haber sido percibidas como interruptoras de sus embarazos, y estas leyes solo encarcelarán a poblaciones más vulnerables.</p>
<p>Estas leyes y fallos perjudican a las comunidades racializadas, ya que las personas negras y de otras razas marginadas siempre se ven afectadas de manera desproporcionada por la criminalización. Este ataque a Roe v. Wade existe para llenar las cárceles y prisiones de Estados Unidos con mano de obra no remunerada, separar a las familias a través del encarcelamiento y alimentar la injusta maquinaria del sistema estatal de crianza temporal.</p>
<p>Les jueces pueden tratar de controlar nuestros cuerpos, pero las mujeres, las personas no binarias, las personas trans y las personas con discapacidad no somos objetos para ser contenidos o manipulados. Somos seres humanos que merecemos cuidado y opciones, y no permitiremos que se nos niegue nuestra autonomía.</p>
<p>Sins Invalid apoya plenamente a cada individuo para que tome las decisiones reproductivas que mejor se adapten a su contexto y necesidades. El acceso a la información, la atención médica de calidad y la autonomía en la toma de decisiones son esenciales para el bienestar de todes. Todes merecen autonomía y el derecho a hacer la mejor elección para sí misme y sus futuros. La justicia reproductiva es justicia de discapacidad.</p>
<p>[/et_pb_text][/et_pb_column][/et_pb_row][/et_pb_section]</p>

<p>JUNE 29, 2022En mayo de 2022, el pueblo de los Estados Unidos se enteró de que la Corte Suprema planeaba anular Roe v. Wade, un fallo de 1973 que hace que el acceso al aborto sea seguro y legal. Durante años hemos visto cómo estado tras estado aprueba leyes cada vez más restrictivas sobre el [&hellip;]</p>
